{"id":230,"date":"2024-03-17T14:25:53","date_gmt":"2024-03-17T13:25:53","guid":{"rendered":"https:\/\/modebat.com\/?page_id=230"},"modified":"2024-03-17T14:50:59","modified_gmt":"2024-03-17T13:50:59","slug":"economie-circulaire-et-diagnostic-pemd","status":"publish","type":"page","link":"https:\/\/modebat.com\/?page_id=230","title":{"rendered":"DIAGNOSTIC PEMD"},"content":{"rendered":"\n<h1 class=\"wp-block-heading has-text-align-center has-large-font-size\" style=\"text-transform:capitalize\">LE DIAGNOSTIC P.E.M.D.<\/h1>\n\n\n\n<h2 class=\"wp-block-heading has-text-align-center has-large-font-size\" style=\"font-style:normal;font-weight:500;text-transform:capitalize\">Produits Equipements Mat\u00e9riaux D\u00e9chets<\/h2>\n\n\n\n<div style=\"height:46px\" aria-hidden=\"true\" class=\"wp-block-spacer\"><\/div>\n\n\n\n<figure data-wp-context=\"{&quot;imageId&quot;:&quot;69e07524d660c&quot;}\" data-wp-interactive=\"core\/image\" data-wp-key=\"69e07524d660c\" class=\"wp-block-image size-large wp-lightbox-container\"><img fetchpriority=\"high\" decoding=\"async\" width=\"1024\" height=\"562\" data-wp-class--hide=\"state.isContentHidden\" data-wp-class--show=\"state.isContentVisible\" data-wp-init=\"callbacks.setButtonStyles\" data-wp-on--click=\"actions.showLightbox\" data-wp-on--load=\"callbacks.setButtonStyles\" data-wp-on-window--resize=\"callbacks.setButtonStyles\" src=\"https:\/\/modebat.com\/wp-content\/uploads\/2024\/03\/SCHEMA_PEMD_Process-1-1024x562.png\" alt=\"\" class=\"wp-image-151\" srcset=\"https:\/\/modebat.com\/wp-content\/uploads\/2024\/03\/SCHEMA_PEMD_Process-1-1024x562.png 1024w, https:\/\/modebat.com\/wp-content\/uploads\/2024\/03\/SCHEMA_PEMD_Process-1-300x165.png 300w, https:\/\/modebat.com\/wp-content\/uploads\/2024\/03\/SCHEMA_PEMD_Process-1-768x421.png 768w, https:\/\/modebat.com\/wp-content\/uploads\/2024\/03\/SCHEMA_PEMD_Process-1-1536x842.png 1536w, https:\/\/modebat.com\/wp-content\/uploads\/2024\/03\/SCHEMA_PEMD_Process-1.png 2000w\" sizes=\"(max-width: 1024px) 100vw, 1024px\" \/><button\n\t\t\tclass=\"lightbox-trigger\"\n\t\t\ttype=\"button\"\n\t\t\taria-haspopup=\"dialog\"\n\t\t\taria-label=\"Enlarge\"\n\t\t\tdata-wp-init=\"callbacks.initTriggerButton\"\n\t\t\tdata-wp-on--click=\"actions.showLightbox\"\n\t\t\tdata-wp-style--right=\"state.imageButtonRight\"\n\t\t\tdata-wp-style--top=\"state.imageButtonTop\"\n\t\t>\n\t\t\t<svg xmlns=\"http:\/\/www.w3.org\/2000\/svg\" width=\"12\" height=\"12\" fill=\"none\" viewBox=\"0 0 12 12\">\n\t\t\t\t<path fill=\"#fff\" d=\"M2 0a2 2 0 0 0-2 2v2h1.5V2a.5.5 0 0 1 .5-.5h2V0H2Zm2 10.5H2a.5.5 0 0 1-.5-.5V8H0v2a2 2 0 0 0 2 2h2v-1.5ZM8 12v-1.5h2a.5.5 0 0 0 .5-.5V8H12v2a2 2 0 0 1-2 2H8Zm2-12a2 2 0 0 1 2 2v2h-1.5V2a.5.5 0 0 0-.5-.5H8V0h2Z\" \/>\n\t\t\t<\/svg>\n\t\t<\/button><\/figure>\n\n\n\n<div style=\"height:46px\" aria-hidden=\"true\" class=\"wp-block-spacer\"><\/div>\n\n\n\n<p>Afin de permettre cela, nous r\u00e9alisons des diagnostics&nbsp;<strong>Produits, Equipements, Mat\u00e9riaux, D\u00e9chets (PEMD) avant d\u00e9molition<\/strong>&nbsp;afin de quantifier l\u2019ensemble des \u00e9l\u00e9ments. Ce diagnostic quantitatif pr\u00e9cis permettra d\u2019\u00e9valuer ce qui pourra \u00eatre r\u00e9utilis\u00e9 dans sa forme originelle ou sous d\u2019autres formes comme pour les briques par exemple (concassage).<\/p>\n\n\n\n<p>Nos diagnostiqueurs sont certifi\u00e9es par le CSTB et le SEDDRe afin de vous garantir la meilleur analyse de vos besoins et de vos op\u00e9rations.<\/p>\n\n\n\n<p><strong><u>Nos missions\u00a0:<\/u><\/strong><\/p>\n\n\n\n<ul class=\"wp-block-list\">\n<li>R\u00c9ALISATION DES DIAGNOSTICS PEMD REGLEMENTAIRE<\/li>\n\n\n\n<li>R\u00c9ALISATION D&#8217;INVENTAIRE DECHETS<\/li>\n\n\n\n<li>ACCENTUATION DU R\u00c9EMPLOI<\/li>\n\n\n\n<li>ETUDE DE FAISABILITE DE RECYCLAGE DE MATERIAUX<\/li>\n<\/ul>\n\n\n\n<div style=\"height:46px\" aria-hidden=\"true\" class=\"wp-block-spacer\"><\/div>\n","protected":false},"excerpt":{"rendered":"<p>LE DIAGNOSTIC P.E.M.D. Produits Equipements Mat\u00e9riaux D\u00e9chets Afin de permettre cela, nous r\u00e9alisons des diagnostics&nbsp;Produits, Equipements, Mat\u00e9riaux, D\u00e9chets (PEMD) avant d\u00e9molition&nbsp;afin de quantifier l\u2019ensemble des \u00e9l\u00e9ments. Ce diagnostic quantitatif pr\u00e9cis permettra d\u2019\u00e9valuer ce qui pourra \u00eatre r\u00e9utilis\u00e9 dans sa forme originelle ou sous d\u2019autres formes comme pour les briques par exemple (concassage). Nos diagnostiqueurs sont certifi\u00e9es par le CSTB et [&hellip;]<\/p>\n","protected":false},"author":1,"featured_media":0,"parent":48,"menu_order":3,"comment_status":"closed","ping_status":"closed","template":"page-templates\/full-width-container.php","meta":{"_acf_changed":false,"_eb_attr":"","om_disable_all_campaigns":false,"_monsterinsights_skip_tracking":false,"_monsterinsights_sitenote_active":false,"_monsterinsights_sitenote_note":"","_monsterinsights_sitenote_category":0,"footnotes":""},"class_list":["post-230","page","type-page","status-publish","hentry"],"acf":[],"aioseo_notices":[],"_links":{"self":[{"href":"https:\/\/modebat.com\/index.php?rest_route=\/wp\/v2\/pages\/230","targetHints":{"allow":["GET"]}}],"collection":[{"href":"https:\/\/modebat.com\/index.php?rest_route=\/wp\/v2\/pages"}],"about":[{"href":"https:\/\/modebat.com\/index.php?rest_route=\/wp\/v2\/types\/page"}],"author":[{"embeddable":true,"href":"https:\/\/modebat.com\/index.php?rest_route=\/wp\/v2\/users\/1"}],"replies":[{"embeddable":true,"href":"https:\/\/modebat.com\/index.php?rest_route=%2Fwp%2Fv2%2Fcomments&post=230"}],"version-history":[{"count":8,"href":"https:\/\/modebat.com\/index.php?rest_route=\/wp\/v2\/pages\/230\/revisions"}],"predecessor-version":[{"id":247,"href":"https:\/\/modebat.com\/index.php?rest_route=\/wp\/v2\/pages\/230\/revisions\/247"}],"up":[{"embeddable":true,"href":"https:\/\/modebat.com\/index.php?rest_route=\/wp\/v2\/pages\/48"}],"wp:attachment":[{"href":"https:\/\/modebat.com\/index.php?rest_route=%2Fwp%2Fv2%2Fmedia&parent=230"}],"curies":[{"name":"wp","href":"https:\/\/api.w.org\/{rel}","templated":true}]}}