{"id":46,"date":"2024-03-12T14:55:37","date_gmt":"2024-03-12T13:55:37","guid":{"rendered":"https:\/\/modebat.com\/?page_id=46"},"modified":"2025-12-22T16:17:25","modified_gmt":"2025-12-22T15:17:25","slug":"acceuil","status":"publish","type":"page","link":"https:\/\/modebat.com\/","title":{"rendered":"ACCUEIL"},"content":{"rendered":"\n<h3 class=\"wp-block-heading\"><strong>Dans un contexte de reconqu\u00eate des friches urbaines et de rar\u00e9faction du foncier constructible<\/strong>. <strong>MODEBAT<\/strong> accompagne les ma\u00eetres d\u2019ouvrage et les acteurs de l\u2019immobilier dans la gestion complexe du cycle de vie des b\u00e2timents. Notre approche combine ing\u00e9nierie technique, s\u00e9curit\u00e9 sanitaire et performance environnementale.<\/h3>\n\n\n<h4 style=\"font-style: normal; font-weight: bold;\">MODEBAT<strong>, bureau d\u2019\u00e9tudes sp\u00e9cialis\u00e9 pour g\u00e9rer \u00e0 la fois vos projets de <\/strong>construction<strong>, <\/strong>d\u00e9construction<strong>,<\/strong> <strong>de <\/strong>r\u00e9habilitation<strong> et de <\/strong>d\u00e9mant\u00e8lement.<\/h4>\n<h4 style=\"font-style: normal; font-weight: bold;\"><strong>En int\u00e9grant l\u2019ensemble des probl\u00e9matiques du traitements des <\/strong>polluants, de la gestion des d\u00e9chets.<\/h4>\n<p><img fetchpriority=\"high\" decoding=\"async\" class=\"aligncenter\" src=\"https:\/\/modebat.com\/wp-content\/uploads\/2024\/03\/Illustration_Economie-Circulaire-Infinie-1024x683.jpg\" sizes=\"(max-width: 640px) 100vw, 640px\" srcset=\"https:\/\/modebat.com\/wp-content\/uploads\/2024\/03\/Illustration_Economie-Circulaire-Infinie-1024x683.jpg 1024w, https:\/\/modebat.com\/wp-content\/uploads\/2024\/03\/Illustration_Economie-Circulaire-Infinie-300x200.jpg 300w, https:\/\/modebat.com\/wp-content\/uploads\/2024\/03\/Illustration_Economie-Circulaire-Infinie-768x512.jpg 768w, https:\/\/modebat.com\/wp-content\/uploads\/2024\/03\/Illustration_Economie-Circulaire-Infinie-1536x1024.jpg 1536w, https:\/\/modebat.com\/wp-content\/uploads\/2024\/03\/Illustration_Economie-Circulaire-Infinie-2048x1366.jpg 2048w, https:\/\/modebat.com\/wp-content\/uploads\/2024\/03\/Illustration_Economie-Circulaire-Infinie-600x400.jpg 600w\" alt=\"\" width=\"640\" height=\"427\" \/><\/p>\n<p><strong>MODEBAT <\/strong>a\u00a0pour ambition d&#8217;int\u00e9grer la notion d\u2019\u00e9conomie circulaire \u00e0 toutes les phases d\u2018une op\u00e9ration, de la construction \u00e0 la d\u00e9construction.<\/p>\n<p><strong>MODEBAT<\/strong> a un savoir-faire cibl\u00e9 sur les m\u00e9thodes et techniques de d\u00e9construction et de d\u00e9pollution int\u00e9grant la gestion des risques associ\u00e9s \u00e0 chaque type d\u2019op\u00e9rations.<\/p>\n<p><img decoding=\"async\" class=\"aligncenter\" src=\"https:\/\/modebat.com\/wp-content\/uploads\/2024\/03\/Photo_Drone-Deconstruction-1024x683.jpg\" sizes=\"(max-width: 640px) 100vw, 640px\" srcset=\"https:\/\/modebat.com\/wp-content\/uploads\/2024\/03\/Photo_Drone-Deconstruction-1024x683.jpg 1024w, https:\/\/modebat.com\/wp-content\/uploads\/2024\/03\/Photo_Drone-Deconstruction-300x200.jpg 300w, https:\/\/modebat.com\/wp-content\/uploads\/2024\/03\/Photo_Drone-Deconstruction-768x512.jpg 768w, https:\/\/modebat.com\/wp-content\/uploads\/2024\/03\/Photo_Drone-Deconstruction-1536x1024.jpg 1536w, https:\/\/modebat.com\/wp-content\/uploads\/2024\/03\/Photo_Drone-Deconstruction-2048x1366.jpg 2048w, https:\/\/modebat.com\/wp-content\/uploads\/2024\/03\/Photo_Drone-Deconstruction-600x400.jpg 600w\" alt=\"\" width=\"640\" height=\"427\" \/><\/p>","protected":false},"excerpt":{"rendered":"<p>Dans un contexte de reconqu\u00eate des friches urbaines et de rar\u00e9faction du foncier constructible. MODEBAT accompagne les ma\u00eetres d\u2019ouvrage et les acteurs de l\u2019immobilier dans la gestion complexe du cycle de vie des b\u00e2timents. Notre approche combine ing\u00e9nierie technique, s\u00e9curit\u00e9 sanitaire et performance environnementale. MODEBAT, bureau d\u2019\u00e9tudes sp\u00e9cialis\u00e9 pour g\u00e9rer \u00e0 la fois vos projets de construction, d\u00e9construction, de r\u00e9habilitation [&hellip;]<\/p>\n","protected":false},"author":1,"featured_media":0,"parent":0,"menu_order":0,"comment_status":"closed","ping_status":"closed","template":"elementor_theme","meta":{"_acf_changed":false,"_eb_attr":"","om_disable_all_campaigns":false,"_monsterinsights_skip_tracking":false,"_monsterinsights_sitenote_active":false,"_monsterinsights_sitenote_note":"","_monsterinsights_sitenote_category":0,"footnotes":""},"class_list":["post-46","page","type-page","status-publish","hentry"],"acf":[],"aioseo_notices":[],"_links":{"self":[{"href":"https:\/\/modebat.com\/index.php?rest_route=\/wp\/v2\/pages\/46","targetHints":{"allow":["GET"]}}],"collection":[{"href":"https:\/\/modebat.com\/index.php?rest_route=\/wp\/v2\/pages"}],"about":[{"href":"https:\/\/modebat.com\/index.php?rest_route=\/wp\/v2\/types\/page"}],"author":[{"embeddable":true,"href":"https:\/\/modebat.com\/index.php?rest_route=\/wp\/v2\/users\/1"}],"replies":[{"embeddable":true,"href":"https:\/\/modebat.com\/index.php?rest_route=%2Fwp%2Fv2%2Fcomments&post=46"}],"version-history":[{"count":34,"href":"https:\/\/modebat.com\/index.php?rest_route=\/wp\/v2\/pages\/46\/revisions"}],"predecessor-version":[{"id":419,"href":"https:\/\/modebat.com\/index.php?rest_route=\/wp\/v2\/pages\/46\/revisions\/419"}],"wp:attachment":[{"href":"https:\/\/modebat.com\/index.php?rest_route=%2Fwp%2Fv2%2Fmedia&parent=46"}],"curies":[{"name":"wp","href":"https:\/\/api.w.org\/{rel}","templated":true}]}}